y 2208?
1898
What is the remainder when 3405 is divided by 5?
0
What is the remainder when 753 is divided by 266?
221
Calculate the remainder when 49209 is divided by 1797.
690
Calculate the remainder when 16582 is divided by 8290.
2
Calculate the remainder when 2628 is divided by 1148.
332
What is the remainder when 15970 is divided by 310?
160
What is the remainder when 129946 is divided by 546?
544
Calculate the remainder when 2236 is divided by 1115.
6
What is the remainder when 27053 is divided by 64?
45
Calculate the remainder when 18402 is divided by 3677.
17
What is the remainder when 3605 is divided by 121?
96
What is the remainder when 1150817 is divided by 109?
104
Calculate the remainder when 33338 is divided by 153.
137
Calculate the remainder when 245886 is divided by 136.
134
Calculate the remainder when 5729 is divided by 669.
377
What is the remainder when 2557 is divided by 130?
87
What is the remainder when 138059 is divided by 1438?
11
What is the remainder when 3502 is divided by 197?
153
What is the remainder when 109644 is divided by 298?
278
Calculate the remainder when 9084 is divided by 190.
154
What is the remainder when 140025 is divided by 42?
39
Calculate the remainder when 21103 is divided by 603.
601
Calculate the remainder when 1786 is divided by 445.
6
What is the remainder when 46055 is divided by 1400?
1255
What is the remainder when 3181 is divided by 104?
61
Calculate the remainder when 2029 is divided by 1965.
64
Calculate the remainder when 474537 is divided by 60.
57
Calculate the remainder when 532735 is divided by 5492.
11
What is the remainder when 2715 is divided by 106?
65
What is the remainder when 32111 is divided by 3?
2
Calculate the remainder when 534191 is divided by 119.
0
What is the remainder when 5706 is divided by 1159?
1070
Calculate the remainder when 3258 is divided by 2.
0
Calculate the remainder when 14569 is divided by 10.
9
What is the remainder when 156254 is divided by 1645?
1624
Calculate the remainder when 16135 is divided by 2687.
13
Calculate the remainder when 49977 is divided by 16655.
12
Calculate the remainder when 443636 is divided by 226.
224
What is the remainder when 3226 is divided by 13?
2
Calculate the remainder when 158649 is divided by 645.
624
Calculate the remainder when 944767 is divided by 976.
975
What is the remainder when 140541 is divided by 15615?
6
What is the remainder when 93996 is divided by 1492?
0
What is the remainder when 398 is divided by 201?
197
What is the remainder when 713568 is divided by 4432?
16
What is the remainder when 7317 is divided by 6952?
365
Calculate the remainder when 3153 is divided by 1276.
601
Calculate the remainder when 17393 is divided by 28.
5
Calculate the remainder when 5901 is divided by 5301.
600
Calculate the remainder when 17853 is divided by 6.
3
What is the remainder when 140296 is divided by 24?
16
What is the remainder when 49694 is divided by 49644?
50
What is the remainder when 927 is divided by 64?
31
What is the remainder when 81573 is divided by 65?
63
What is the remainder when 100081 is divided by 307?
306
Calculate the remainder when 15103 is divided by 331.
208
What is the remainder when 36700 is divided by 137?
121
What is the remainder when 224377 is divided by 62?
61
What is the remainder when 12634 is divided by 3157?
6
What is the remainder when 7554 is divided by 1505?
29
Calculate the remainder when 554 is divided by 6.
2
Calculate the remainder when 7188 is divided by 1216.
1108
What is the remainder when 94695 is divided by 1114?
5
What is the remainder when 454425 is divided by 468?
465
What is the remainder when 84587 is divided by 470?
457
What is the remainder when 4840 is divided by 490?
430
Calculate the remainder when 8640 is divided by 361.
337
What is the remainder when 34499 is divided by 19?
14
Calculate the remainder when 5011 is divided by 770.
391
What is the remainder when 11350 is divided by 2794?
174
What is the remainder when 2877 is divided by 26?
17
What is the remainder when 22361 is divided by 520?
1
Calculate the remainder when 109037 is divided by 1380.
17
Calculate the remainder when 32906 is divided by 16420.
66
Calculate the remainder when 36811 is divided by 3681.
1
Calculate the remainder when 78194 is divided by 437.
408
What is the remainder when 817 is divided by 26?
11
What is the remainder when 20178 is divided by 582?
390
What is the remainder when 145533 is divided by 1137?
1134
Calculate the remainder when 68501 is divided by 114.
101
Calculate the remainder when 14719 is divided by 7258.
203
Calculate the remainder when 37413 is divided by 5.
3
Calculate the remainder when 5754 is divided by 13.
8
What is the remainder when 2738 is divided by 1371?
1367
Calculate the remainder when 1148 is divided by 93.
32
What is the remainder when 1024 is divided by 479?
66
Calculate the remainder when 77625 is divided by 11.
9
What is the remainder when 19073 is divided by 47?
38
What is the remainder when 1782 is divided by 433?
50
What is the remainder when 53213 is divided by 17?
3
Calculate the remainder when 751 is divided by 230.
61
What is the remainder when 51471 is divided by 830?
11
What is the remainder when 120111 is divided by 288?
15
What is the remainder when 289 is divided by 127?
35
Calculate the remainder when 340352 is divided by 2380.
12
Calculate the remainder when 81128 is divided by 706.
644
Calculate the remainder when 4885 is divided by 1559.
208
What is the remainder when 20149 is divided by 31?
30
What is the remainder when 71189 is divided by 91?
27
What is the remainder when 1942 is divided by 75?
67
What is the remainder when 10800 is divided by 57?
27
What is the remainder when 9656 is divided by 64?
56
Calculate the remainder when 6442979 is divided by 20.
19
What is the remainder when 18927 is divided by 728?
727
Calculate the remainder when 28557 is divided by 443.
205
What is the remainder when 180262 is divided by 42?
40
What is the remainder when 3261 is divided by 382?
205
What is the remainder when 219708 is divided by 236?
228
What is the remainder when 39734 is divided by 54?
44
Calculate the remainder when 6038 is divided by 72.
62
What is the remainder when 1174 is divided by 1108?
66
Calculate the remainder when 49333 is divided by 13.
11
What is the remainder when 4179 is divided by 48?
3
Calculate the remainder when 18317 is divided by 93.
89
Calculate the remainder when 55078 is divided by 89.
76
What is the remainder when 11192 is divided by 228?
20
What is the remainder when 9706 is divided by 67?
58
What is the remainder when 32320 is divided by 173?
142
What is the remainder when 1002 is divided by 175?
127
What is the remainder when 15160 is divided by 266?
264
Calculate the remainder when 314039 is divided by 3975.
14
What is the remainder when 533912 is divided by 59323?
5
Calculate the remainder when 2732 is divided by 2052.
680
What is the remainder when 55040 is divided by 556?
552
Calculate the remainder when 64770 is divided by 113.
21
Calculate the remainder when 54823 is divided by 37.
26
Calculate the remainder when 2695 is divided by 225.
220
What is the remainder when 836 is divided by 654?
182
Calculate the remainder when 200752 is divided by 50188.
0
What is the remainder when 1981 is divided by 499?
484
Calculate the remainder when 481978 is divided by 831.
829
Calculate the remainder when 6882 is divided by 22.
18
Calculate the remainder when 150018 is divided by 11.
0
What is the remainder when 2917 is divided by 934?
115
Calculate the remainder when 438567 is divided by 443.
440
What is the remainder when 4969600 is divided by 647?
640
Calculate the remainder when 3246 is divided by 420.
306
What is the remainder when 24971 is divided by 12473?
25
Calculate the remainder when 5189 is divided by 247.
2
What is the remainder when 13662 is divided by 159?
147
What is the remainder when 2801 is divided by 22?
7
What is the remainder when 53768 is divided by 5968?
56
What is the remainder when 10314 is divided by 25?
14
What is the remainder when 13167 is divided by 31?
23
What is the remainder when 8330 is divided by 1080?
770
What is the remainder when 114655 is divided by 39?
34
Calculate the re